y 10396.
1724
Calculate the remainder when 829835 is divided by 414836.
163
Calculate the remainder when 125047 is divided by 4815.
4672
What is the remainder when 283847 is divided by 3888?
23
What is the remainder when 155450 is divided by 112?
106
What is the remainder when 513740 is divided by 255363?
3014
What is the remainder when 2258361 is divided by 28953?
27
What is the remainder when 37710265 is divided by 26?
21
What is the remainder when 284200 is divided by 3421?
257
Calculate the remainder when 40193 is divided by 40025.
168
What is the remainder when 1985730 is divided by 10789?
554
What is the remainder when 1688796 is divided by 17?
16
What is the remainder when 47538998 is divided by 4?
2
What is the remainder when 95529 is divided by 18377?
3644
Calculate the remainder when 1869127 is divided by 104.
39
What is the remainder when 849679 is divided by 633?
193
What is the remainder when 236080 is divided by 18128?
416
Calculate the remainder when 1220420 is divided by 4537.
4504
Calculate the remainder when 253860 is divided by 31732.
4
What is the remainder when 246493 is divided by 7226?
809
What is the remainder when 14420550 is divided by 480685?
0
Calculate the remainder when 1175273223 is divided by 568.
567
Calculate the remainder when 1702984023 is divided by 2198.
2197
Calculate the remainder when 667135 is divided by 334.
137
What is the remainder when 154564444 is divided by 2?
0
What is the remainder when 2603621 is divided by 269?
239
What is the remainder when 1787499 is divided by 595289?
1632
Calculate the remainder when 74713915 is divided by 67737.
4
Calculate the remainder when 1768877 is divided by 353712.
317
What is the remainder when 8535905 is divided by 3708?
89
What is the remainder when 662289 is divided by 568?
1
What is the remainder when 2157135 is divided by 178?
131
What is the remainder when 11166787 is divided by 1395843?
43
Calculate the remainder when 6263967 is divided by 1136.
63
What is the remainder when 6184839 is divided by 10?
9
What is the remainder when 47753 is divided by 3977?
29
What is the remainder when 1112430 is divided by 3133?
215
What is the remainder when 955912 is divided by 955866?
46
Calculate the remainder when 12861160 is divided by 10835.
15
What is the remainder when 48990 is divided by 907?
12
Calculate the remainder when 3272334 is divided by 113.
80
What is the remainder when 3574171 is divided by 27077?
7
What is the remainder when 72923706 is divided by 3230?
3226
What is the remainder when 95371 is divided by 1719?
826
What is the remainder when 247704 is divided by 30960?
24
What is the remainder when 1786847 is divided by 1786743?
104
What is the remainder when 9049535 is divided by 59?
56
Calculate the remainder when 360892 is divided by 252.
28
What is the remainder when 319920 is divided by 17603?
3066
Calculate the remainder when 4763592 is divided by 4763329.
263
What is the remainder when 237709 is divided by 29668?
365
Calculate the remainder when 528376 is divided by 655.
446
Calculate the remainder when 2045877 is divided by 409172.
17
What is the remainder when 1202128 is divided by 6126?
1432
Calculate the remainder when 11901865 is divided by 19.
18
What is the remainder when 2782451 is divided by 1781?
529
Calculate the remainder when 1654097 is divided by 127173.
848
What is the remainder when 1386457 is divided by 2467?
3
Calculate the remainder when 42078 is divided by 96.
30
What is the remainder when 631362 is divided by 265?
132
Calculate the remainder when 44356 is divided by 30.
16
What is the remainder when 419099 is divided by 395?
4
What is the remainder when 20369 is divided by 4651?
1765
What is the remainder when 24151 is divided by 2131?
710
What is the remainder when 564262 is divided by 380?
342
What is the remainder when 1171565 is divided by 4719?
1253
What is the remainder when 2803401 is divided by 81?
72
What is the remainder when 59578 is divided by 448?
442
What is the remainder when 44720 is divided by 896?
816
What is the remainder when 141092 is divided by 218?
46
Calculate the remainder when 30788 is divided by 2681.
1297
Calculate the remainder when 2262753 is divided by 84.
45
What is the remainder when 176427 is divided by 110?
97
What is the remainder when 12764 is divided by 192?
92
Calculate the remainder when 81919 is divided by 297.
244
Calculate the remainder when 2461219 is divided by 109.
108
What is the remainder when 118853756 is divided by 2107?
2100
What is the remainder when 20370520 is divided by 1566955?
105
What is the remainder when 187127 is divided by 10113?
5093
Calculate the remainder when 496040 is divided by 12400.
40
What is the remainder when 38150 is divided by 18168?
1814
Calculate the remainder when 1212087 is divided by 5439.
4629
What is the remainder when 11748518 is divided by 11?
1
Calculate the remainder when 4963763 is divided by 53.
48
Calculate the remainder when 226881 is divided by 3907.
275
What is the remainder when 94214 is divided by 7440?
4934
What is the remainder when 87100725 is divided by 7?
5
What is the remainder when 75211277 is divided by 4300?
4277
Calculate the remainder when 575802 is divided by 52338.
84
What is the remainder when 746157 is divided by 216?
93
Calculate the remainder when 22070527 is divided by 11035259.
9
What is the remainder when 103302815 is divided by 28?
7
What is the remainder when 34735937 is divided by 1129?
1123
What is the remainder when 1533959 is divided by 1533958?
1
Calculate the remainder when 229906 is divided by 38264.
322
Calculate the remainder when 568670 is divided by 11701.
7022
What is the remainder when 605173 is divided by 605153?
20
What is the remainder when 421533 is divided by 11614?
3429
What is the remainder when 6231857 is divided by 4401?
41
What is the remainder when 80737687 is divided by 3444?
3439
What is the remainder when 53703314 is divided by 350?
14
What is the remainder when 662401 is divided by 971?
179
What is the remainder when 2152062 is divided by 2365?
2277
What is the remainder when 4382098 is divided by 2487?
4
Calculate the remainder when 174698408 is divided by 7940836.
16
Calculate the remainder when 4386832 is divided by 731137.
10
Calculate the remainder when 1662387 is divided by 20.
7
What is the remainder when 4432021 is divided by 4431992?
29
Calculate the remainder when 270487 is divided by 870.
787
What is the remainder when 109670 is divided by 123?
77
Calculate the remainder when 84148 is divided by 113.
76
What is the remainder when 3193901 is divided by 2145?
2141
Calculate the remainder when 810563 is divided by 50659.
19
Calculate the remainder when 456432 is divided by 91276.
52
Calculate the remainder when 7361 is divided by 3674.
13
Calculate the remainder when 1031201 is divided by 118.
117
Calculate the remainder when 96699 is divided by 2440.
1539
What is the remainder when 530154 is divided by 2303?
464
What is the remainder when 114412 is divided by 14277?
196
What is the remainder when 8342754 is divided by 3926?
4
Calculate the remainder when 87857 is divided by 556.
9
Calculate the remainder when 7449935 is divided by 3724957.
21
Calculate the remainder when 712114 is divided by 13182.
286
Calculate the remainder when 2600282 is divided by 901.
897
Calculate the remainder when 441985 is divided by 3683.
25
Calculate the remainder when 352985 is divided by 58822.
53
Calculate the remainder when 38450 is divided by 9533.
318
What is the remainder when 181893734 is divided by 408?
398
What is the remainder when 117614 is divided by 29381?
90
Calculate the remainder when 195425 is divided by 569.
258
What is the remainder when 305898 is divided by 6951?
54
What is the remainder when 12376542 is divided by 531?
525
What is the remainder when 56189 is divided by 536?
445
What is the remainder when 151197883 is divided by 260686?
3
Calculate the remainder when 1112130 is divided by 641.
636
What is the remainder when 78981 is divided by 248?
117
Calculate the remainder when 11910209 is divided by 1152.
833
Calculate the remainder when 275957 is divided by 6912.
6389
Calculate the remainder when 5090131 is divided by 2989.
2853
What is the remainder when 172055 is d